se
Suppose 12*t - 5*t = 2037. Is t a composite number?
True
Is -5*(-5028)/(-36)*(-2 + -1) a composite number?
True
Suppose 0 = 2*n + n + 8070. Let b = -1152 - n. Is (4 + (-35)/10)*b composite?
False
Let l be (0/(-3) + -5)*-35. Let x = l + -18. Is x prime?
True
Suppose 0 = s - j + 37, s - 73 = 3*s - j. Let c = s + 113. Is c prime?
False
Let f(w) be the first derivative of -3*w**4/4 - 4*w**3/3 - 7*w**2/2 - 7*w + 15. Let l be 4*(-2)/(-4) - 7. Is f(l) prime?
False
Let f = 26 - 14. Let p = f + -11. Let y(q) = 292*q**2 + q. Is y(p) prime?
True
Suppose -17*f + 4836 = -13*f. Suppose -100 + f = a. Is a prime?
True
Let l = -97 - -100. Suppose l*y - 7367 = -5*f, -5*y - 13*f = -11*f - 12291. Is y prime?
True
Suppose -11661 + 50983 = 2*v. Is v a composite number?
False
Let p(n) = n**3 - 13*n**2 - 7. Let j be p(15). Suppose -2231 = m - 6*m + q, m - q = j. Is m a prime number?
False
Suppose 37 - 87 = 5*o. Let p(k) = 16*k**2 + 4*k + 14. Is p(o) prime?
False
Let c = -12758 + 22891. Is c a prime number?
True
Suppose 48 = 5*r + 18. Suppose n = r*n - c - 22, -5*n = 2*c - 16. Let t(s) = 4*s**2 - 5*s + 5. Is t(n) prime?
False
Let w(o) = 5*o**3 + 17*o**2 - 11*o + 36. Is w(13) composite?
False
Let y be (-1861356)/(-180) - (17/(-15) - -1). Suppose -5*g = -14*g + y. Is g a prime number?
False
Let q(m) = m**3 + 6*m**2 - 26*m + 13. Suppose -4*c + 40 = 16. Is q(c) prime?
False
Suppose -r + 1932 = 2*r. Suppose v + 3*v = -r. Let z = 380 + v. Is z a prime number?
False
Let y be (-1)/3 + 20/6. Suppose 5*s = 3*n + 544, -542 = -5*s + n + y*n. Suppose 6*m = 4*m + s. Is m composite?
True
Let v be ((-4)/(-2))/((-3)/(-6)). Let h(o) = 13*o - 19*o + 8*o + 3*o**3 - 5*o**2 - 2. Is h(v) a prime number?
False
Suppose -4*o = -z - 44728, -z - 4150 = -o + 7029. Is o a prime number?
False
Suppose -2*z = 1 - 93. Let k = z + -21. Suppose j - 3*f - k = 0, -5*j + 151 + 50 = 4*f. Is j a prime number?
True
Suppose -3*m = -12 + 3. Let k be 647/4 + m/12. Let p = k - 19. Is p a composite number?
True
Suppose 0*l = -g + l + 14, 4*l = -20. Let a(x) = 7*x + x**2 - 17*x + 7 + x**2. Is a(g) composite?
False
Suppose 5*l = -5*r + 30, 5*l + r - 2 - 16 = 0. Suppose l*y + 2*y + t = -30, -y - 3*t + 8 = 0. Let m = y + 28. Is m prime?
False
Suppose -1542 = 129*i - 131*i. Is i a composite number?
True
Let m = 5545 - 2826. Is m a prime number?
True
Let w(c) be the second derivative of 5*c**4/6 - 13*c**3/6 + 10*c**2 - 26*c. Is w(11) a composite number?
False
Suppose 2*w + w + 4*q + 20 = 0, 22 = -3*w - 5*q. Let l(b) = -1 - 4*b + 5*b**2 - b + 7*b**2. Is l(w) a prime number?
True
Suppose 2*r - r - 2 = 0. Suppose r*h - 1645 - 325 = 0. Is h prime?
False
Suppose -2*o = -5*f + f + 12, -12 = -3*f. Let b(r) = -1 + o + 5*r + r - 11. Is b(8) prime?
False
Suppose 0 = -64*o + 11*o + 100859. Is o prime?
False
Suppose -13*g + 161994 = -119261. Is g a prime number?
False
Let r = -1319 + 1828. Is r prime?
True
Let c be 6*1*4/8. Suppose -5*x - 760 = -5*a, -7 = c*x - 22. Is a prime?
True
Let n(a) = -2*a**3 + 6*a**2 + 10*a + 2. Let w(s) = s**3 + s**2 + s. Let u(q) = n(q) + 3*w(q). Let f be u(-7). Is (f + -2 - 4)*47 composite?
True
Suppose 942 = -4*p - 3*l - 2*l, 0 = -l + 2. Let z = 489 + p. Suppose -g - z = -2*g. Is g a prime number?
True
Let k(n) = 5909*n + 547. Is k(18) a prime number?
False
Let b = 38 - 19. Let w(f) = f**2 + 400. Let r be w(0). Let q = b + r. Is q a composite number?
False
Let b be (-64)/(-24)*3/2. Suppose 3*u - 4979 - 2019 = c, b*c + 11661 = 5*u. Is u prime?
True
Let y(p) = -4377*p - 302. Is y(-5) a prime number?
False
Suppose -q + 2*y + 8 = 0, -3*y - 11 = 2*q - 3*q. Let w be (-2 - -8) + (-4)/q. Let h(l) = 45*l - 1. Is h(w) prime?
True
Suppose 2*y = 2*q + 3*q + 51, -2*y + 4*q + 56 = 0. Let i(f) = -5 + 6 - y*f - 23*f + 6. Is i(-6) composite?
False
Is 19066/(6/(-1) + 8) prime?
True
Let v(u) = -86*u**3 + u**2 + 5*u + 5. Let p(b) = -b - 6. Let z be p(-3). Is v(z) prime?
False
Suppose 20 = -6*o + 4478. Is o a composite number?
False
Let m = 4570 + 11267. Suppose -8*w + 779 + m = 0. Is w composite?
True
Suppose 3*i = 5*i - 4. Suppose -4*b = -3*x - 2*x - 753, 0 = -x + 3. Suppose -4*s - i*g = 2*g - b, 5*s - 5*g = 250. Is s prime?
False
Let w be ((-6)/(-9))/(4/216). Suppose 0 = l + 2*l + w. Is ((-56)/l)/((-2)/(-93)) a prime number?
False
Is 47585 + -7 - (-2 - (-4 - -5)) prime?
True
Let k(o) = 193*o**3 + 3*o**2 + 7*o + 41. Is k(4) prime?
False
Suppose 0 = 3*s - 18*s + 122205. Is s prime?
True
Is 1232/126 + -10 - 615352/(-18) prime?
False
Suppose 19 = 3*k - 8. Let z be (k - -275)/(1/4). Suppose 0 = -3*i + z - 347. Is i composite?
False
Let d = 7 + -10. Let v(c) = -2*c - 1. Let s be v(d). Suppose 2*h = s*h - 255. Is h prime?
False
Suppose -2 = -2*n + 2*j - 4, 5*j - 20 = 0. Suppose -x + n*g + 319 = 0, 4*g - 499 - 841 = -4*x. Is x a composite number?
False
Suppose -q - 157288 = -9*q. Is q a prime number?
True
Let t = -18 - -18. Is (86 + t)/(2/5) prime?
False
Is (-1*14277/6)/((-2)/4) a composite number?
False
Let u(s) = s**2 + s - 1. Let i(l) = -3*l**2 + 7*l + 1. Let w(p) = -i(p) - 2*u(p). Is w(-21) a composite number?
False
Let u(m) = -5241*m - 32. Is u(-5) a prime number?
False
Let y(n) be the second derivative of -13*n**3 - 2*n**2 - 36*n. Is y(-1) a composite number?
True
Let d(k) = -1044*k**3 - 2*k**2 + 1. Let q be 0/2*1 - 1. Is d(q) a composite number?
True
Suppose 0 = 3*x - 4 + 1. Let n(c) = c**2 - 8*c + 17. Let f be n(6). Suppose f - x = d. Is d a prime number?
False
Is (1 - -1)/((-19)/((-23047)/2)) prime?
True
Let j(m) = 1556*m**2 - 5*m - 17. Is j(-4) a composite number?
True
Let i(z) = 21*z**2 - 5*z - 9. Let r = -32 + 28. Let x be i(r). Let m = x - 80. Is m a prime number?
False
Let a be -1 + -2 + 1/1. Let s(c) = -2 - 6*c + 8*c + 4 - 72*c. Is s(a) composite?
True
Let h be ((-27)/(-15) + -2)/((-1)/15). Let t be (2 - -1273*2) + -1. Suppose 4*i = h*s + t, 1 = -5*s - 24. Is i prime?
False
Is (1811/(-2))/((-1)/14) prime?
False
Suppose 9*m + 19954 = 11*m. Is m prime?
False
Let b(i) be the third derivative of -i**6/120 - i**4/8 + 3*i**3/2 + 8*i**2. Is b(-5) composite?
False
Suppose -76 = -6*n + 8*n. Let a = n + 75. Is a a composite number?
False
Suppose -5*z + 2185 = u - 13017, 5*u - 2*z - 76091 = 0. Is u a prime number?
True
Let r = 53 + -43. Is 17568/60 + 2/r composite?
False
Suppose 15 = -3*g - 9. Let x = g - -8. Suppose x = j + 4*t + 3, -3*j + 30 = -0*j - t. Is j a prime number?
False
Let o = 29 - 17. Suppose -6*x + 0 = -o. Is (-49)/x*-32 + -3 a composite number?
True
Suppose g = -3*g + 29048. Is g prime?
False
Suppose t = -0*t + 4, -1356 = -z + 2*t. Is 16 + -19 - (0 - 0 - z) a prime number?
True
Let v(c) = 3785*c. Let b be v(-4). Let z be 4/(-4*(-2)/b). Is z/(-12) + (-3)/(-18) a composite number?
False
Let v(b) = b**2 + 8*b + 10. Let y be v(-7). Let j be -6*((-11)/y + 3). Suppose -4*t = 2*f - 642, -f = 2*t - j*f - 325. Is t a prime number?
False
Let u(n) = -n**3 + 7*n**2 + 4*n - 20. Let b be u(7). Let m(t) = 11*t - 3. Is m(b) composite?
True
Suppose -4*q = 19*s - 14*s - 41760, -20882 = -2*q - 2*s. Is q prime?
False
Suppose 4*b + 43 - 55 = 0. Suppose 5*v + 5*u = b*u + 417, -3*v + 5*u = -244. Is v prime?
True
Suppose t = -2 + 6. Suppose -41 = -2*l - u, 0 = -l + t*u + 9 + 34. Let a = l + 10. Is a composite?
True
Suppose 0 = z - 2, -9*z = 4*v - 8*z - 10398. Is v a prime number?
False
Suppose -3*q = 2*m - 1568, 2*q = -4*m + q + 3146. Is m prime?
True
Suppose 4*g = 3*v - 5*v + 84052, 0 = -5*g + 4*v + 105039. Is g prime?
True
Suppose 11 = b + 4. Let m(u) be the first derivative of 2*u**3/3 + 2*u**2 + 8*u + 1. Is m(b) a prime number?
False
Let o(y) = 251*y**2 + 15*y - 13. Is o(5) composite?
False
Let y = -9322 - -17103. Is y a prime number?
False
Let r be ((-2)/4)/(3/(-24)). Suppose 2*t - d - 259 = 0, 196 - 709 = -r*t + 3*d. Suppose 5*v - t = 123. Is v prime?
False
Suppose -34*l + 33*l = -1139. Is l a composite number?
True
Suppose 26 = 25*n - 24*n - 5*w, 4*n + 3*w = -11. Let o(i) be the first derivative of 128*i**3/3 - i + 1. Is o(n) a prime number?
True
Suppose l + 17 = 4*b + 6*l, 7 = b + 4*l. Suppose -v - j - 2*j = 5, 4*j = b*v - 24. Suppose 0 = v*g - 0*g - 124. Is g prime?
True
Let a(s) = 2*s**2 - s + 1. Let m be a(1). Let r(x) = -21*x + 203*x + 5 - 80*x. Is r(m) prime?
False
Let a = 94 - 166. Let t = 325 - a. Is t a prim